 11
87a335
Convert -1a4454 (base 11) to base 8.
-1143760
Convert -3535110 (base 6) to base 16.
-2ce32
32b9e (base 15) to base 12
79395
Convert 10643017 (base 9) to base 10.
5165710
What is bf1865 (base 16) in base 12?
423b571
What is 311033310 (base 4) in base 9?
362153
-74434 (base 13) to base 3
-101122021211
What is 112003200 (base 4) in base 14?
24cc8
What is -80b480 (base 13) in base 8?
-13332133
Convert -2322044224 (base 5) to base 10.
-5268689
Convert -12066535 (base 8) to base 16.
-286d5d
What is 2a6a6d (base 16) in base 13?
764336
Convert -5011433 (base 7) to base 6.
-20401025
What is -8710 (base 12) in base 9?
-22323
What is 12541004 (base 6) in base 8?
1457374
433725 (base 8) to base 10
145365
What is -1038643 (base 10) in base 7?
-11554054
What is -30303102 (base 4) in base 3?
-2122221000
What is -2110120000211 (base 3) in base 2?
-100111111110101010011
What is bca7c (base 14) in base 8?
1575546
Convert -1063104 (base 15) to base 14.
-17a9801
-80133 (base 14) to base 15
-611e9
Convert 1123001003 (base 4) to base 14.
99c0b
Convert 11c846a (base 14) to base 3.
121002110000110
910906 (base 11) to base 7
15311464
Convert -4715074 (base 8) to base 7.
-13630250
What is 1dce (base 16) in base 13?
361c
What is 1134433 (base 6) in base 4?
32133111
Convert 225665024 (base 7) to base 4.
310331020322
What is 1c2252 (base 15) in base 9?
2523875
Convert 2429c8 (base 13) to base 6.
30254541
-202022031300 (base 4) to base 2
-100010001010001101110000
61362123 (base 7) to base 6
301500250
Convert 11101112122120 (base 3) to base 16.
239a5a
292626 (base 12) to base 10
688638
Convert -16a19 (base 14) to base 6.
-1115131
Convert 2365268 (base 9) to base 16.
1394c0
302002120 (base 4) to base 5
23024302
What is -149191 (base 15) in base 14?
-1bba4b
101000000100000011 (base 2) to base 4
220010003
Convert -1556521 (base 8) to base 3.
-211212002222
What is 111101010011011010010 (base 2) in base 14?
3a40ca
-29a811 (base 11) to base 10
-468161
Convert 1423023 (base 6) to base 8.
236167
What is 2221223013 (base 4) in base 2?
10101001101011000111
What is 970878 (base 10) in base 8?
3550176
What is 2331030 (base 7) in base 10?
293286
What is 14303442 (base 6) in base 14?
cab86
Convert -267454 (base 8) to base 12.
-46490
12510113 (base 6) to base 10
413469
Convert -2337623 (base 11) to base 4.
-33210022022
What is 11dde2 (base 15) in base 13?
240110
112213332 (base 4) to base 6
1553010
What is 624713 (base 8) in base 9?
345331
Convert 11220001121 (base 3) to base 9.
156047
What is -172436 (base 10) in base 12?
-83958
What is -5b138a (base 15) in base 14?
-81624a
What is -4004420104 (base 5) in base 13?
-1832922
Convert 1234342110 (base 5) to base 12.
1029291
Convert 111101011101111011 (base 2) to base 4.
331131323
Convert 136126 (base 11) to base 16.
34075
-86ac (base 16) to base 2
-1000011010101100
Convert 1a4491 (base 11) to base 15.
62cb4
Convert -465a (base 11) to base 2.
-1011111100011
What is -5133333 (base 6) in base 5?
-30330341
Convert 34e58 (base 16) to base 9.
360177
Convert -1115260 (base 7) to base 15.
-2b177
What is 6606262 (base 7) in base 14?
170b32
-225c11 (base 13) to base 15
-110c25
What is -101120100020122 (base 3) in base 9?
-11510218
2021020001011 (base 3) to base 10
1205068
Convert 106450 (base 16) to base 8.
4062120
20133021 (base 5) to base 14
42c96
Convert 34798 (base 16) to base 15.
43a41
What is -34220636 (base 8) in base 9?
-14850301
What is e718a (base 16) in base 4?
3213012022
What is 5d85e (base 15) in base 10?
298889
-12110020010010 (base 3) to base 10
-2897859
Convert -101020021011 (base 3) to base 13.
-70891
Convert -222123011 (base 4) to base 10.
-173765
Convert 15560663 (base 7) to base 5.
341314233
What is 4330888 (base 11) in base 14?
1022cc8
What is 81353 (base 13) in base 14?
603c8
Convert 1d1e63 (base 15) to base 11.
892a63
Convert -613165 (base 7) to base 4.
-121132300
-1db61c (base 16) to base 9
-3587005
What is 4789208 (base 10) in base 5?
2211223313
Convert -20230232111 (base 4) to base 7.
-25245140
What is -75344 (base 14) in base 15?
-58e05
What is 114125253 (base 6) in base 3?
11001121211220
Convert 5411a2 (base 12) to base 7.
14203631
What is 120120210100 (base 3) in base 5?
34304011
Convert -78ec5 (base 16) to base 2.
-1111000111011000101
Convert 101010012210 (base 3) to base 5.
22333143
What is 1301204 (base 6) in base 16?
11284
Convert -4014311144 (base 5) to base 9.
-15876530
-117843 (base 13) to base 2
-1100101101110000000
What is 100010000100101000 (base 2) in base 11?
95943
What is -30242245 (base 7) in base 11?
-1468339
-1236969 (base 11) to base 13
-5a2177
Convert -38a1103 (base 11) to base 14.
-c7a392
Convert 40631305 (base 8) to base 12.
2a67999
Convert 46313 (base 11) to base 7.
366060
Convert 33144003 (base 5) to base 2.
1000110001010010010
What is -100001100001101010 (base 2) in base 6?
-2535430
What is -18470 (base 10) in base 13?
-853a
24240515 (base 7) to base 12
882805
-10100000010100000010110 (base 2) to base 10
-5253142
Convert 20210100000 (base 3) to base 9.
223300
What is 369473 (base 15) in base 11?
152541a
What is 790685 (base 11) in base 12?
509175
Convert 30ad6f (base 16) to base 6.
152213035
What is -1111110001010010011001 (base 2) in base 13?
-b198a2
Convert 35ebe (base 15) to base 8.
520057
Convert -323020404 (base 5) to base 4.
-11100001202
2b1adc (base 15) to base 9
3822200
Convert 4216773 (base 8) to base 2.
100010001110111111011
What is c0c42 (base 13) in base 4?
1110023232
What is -360878 (base 10) in base 5?
-43022003
16656511 (base 7) to base 4
12101200303
Convert -100111100011000111 (base 2) to base 8.
-474307
-11011001101110101 (base 2) to base 3
-12122220210
What is -b43a2 (base 16) in base 9?
-1344563
4461122 (base 7) to base 5
120141023
14205 (base 13) to base 11
26356
What is -1442845 (base 11) in base 5?
-1113244013
3024352 (base 7) to base 12
153b21
1ab16b (base 14) to base 6
32225311
-233332302 (base 4) to base 9
-328526
1221345 (base 7) to base 10
156588
12114341 (base 5) to base 8
336071
What is 175880 (base 10) in base 2?
101010111100001000
11201011100 (base 3) to base 8
265034
-464702 (base 9) to base 5
-32412142
Convert -79728 (base 11) to base 3.
-12212012222
Convert -51534225 (base 6) to base 14.
-2ab049
-154bc (base 15) to base 6
-1245253
-28ab12 (base 14) to base 8
-5306754
335414402 (base 6) to base 14
b5d7b4
Convert 47e300 (base 16) to base 6.
244550544
What is 2023035 (base 7) in base 16?
3ae03
Convert -52350411 (base 7) to base 5.
-2112300033
Convert 32cb9c (base 15) to base 3.
11120002001010
What is 104031440 (base 5) in base 15?
8ed4a
What is -c317 (base 13) in base 9?
-40788
Convert -5512003 (base 6) to base 4.
-1002313203
What is -2268638 (base 9) in base 16?
-12b7cb
What is 6215c3 (base 13) in base 8?
10564721
Convert 43351 (base 8) to base 14.
6889
25494 (base 13) to base 7
404613
-167136 (base 11) to base 4
-333011012
What is -32599 (base 15) in base 2?
-100111000010010110
6093200 (base 10) to base 12
205a1a8
What is -1031001012 (base 4) in base 7?
-2452500
Convert 112252421 (base 6) to base 14.
3c052d
f6d6d (base 16) to base 10
1011053
Convert 2b263f (base 16) to base 4.
22302120333
-22412 (base 14) to base 8
-242260
-137338 (base 12) to base 9
-542818
Convert -1005011 (base 8) to base 14.
-6c681
2c9b43 (base 13) to base 4
10032100331
-5461014 (base 10) to base 14
-a22246
-10101111111011001100 (base 2) to base 7
-6060561
-784666 (base 11) to base 5
-310004412
Convert -300131102 (base 4) to base 2.
-110000011101010010
131155 (base 9) to base 15
188b2
997855 (base 13) to base 2
1101110010101011111111
10001010011111 (base 2) to base 6
105011
What is 430006 (base 14) in base 15?
2eb885
What is -220232132 (base 4) in base 12?
-80652
What is -313202301313 (base 4) in base 11?
-8245475
Convert -47c127 (base 13) to base 14.
-327adb
What is -382a913 (base 12) in base 15?
-e76c66
103535 (base 13) to base 16
5c795
-16323054 (base 8) to base 10
-3778092
Convert 70696 (base 10) to base 16.
11428
What is 1660433 (base 8) in base 6?
14210535
-12aa56 (base 14) to base 9
-1181522
What is 26376066 (base 8) in base 13?
12b6312
What is -6551525 (base 8) in base 6?
-101403021
Convert 2461690 (base 11) to base 7.
51233226
343982 (base 11) to base 9
1023164
150534114 (